l - 2 = 0. Let f(k) = -k + 2. Let q(i) = l*z(i) - 5*f(i). Calculate q(-3).
3
Suppose j = 4*x - 1 - 0, -5*x - 1 = -2*j. Suppose 4*w + 4*n = -8 - 0, -4*w + j*n = 29. Let l(s) = s**3 + 6*s**2 + 6*s - 5. What is l(w)?
-10
Let w(y) be the first derivative of 1/2*y**2 - y**3 - 13 + 3*y + 1/4*y**4. What is w(3)?
6
Let b(h) = 2*h - 1. Let x = 62 + -52. Suppose 0 = -x*j + 16 + 4. What is b(j)?
3
Suppose 2 = -2*u, 0 = -q + 5*q + 2*u - 6. Let a(k) = -1 - 5 - k**q - k - 8*k. Determine a(-7).
8
Let g(d) be the second derivative of d**3/6 - 11*d**2/2 - 6*d + 5. Calculate g(16).
5
Suppose -4*s - 1 = 19. Let v = s - -5. Let q(c) be the third derivative of c**5/60 - c**4/24 + 35*c**2. Determine q(v).
0
Let j(r) = 2*r + 4. Let s be j(-17). Let n = 26 + s. Let y(f) = f**3 + 4*f**2. Calculate y(n).
0
Let w(i) be the second derivative of 3/2*i**3 + 0*i**2 - 7*i + 0. Determine w(-1).
-9
Let l(k) be the first derivative of 1/2*k**2 + 2*k + 37. Determine l(7).
9
Suppose 2*l + 154 = 190. Let y(n) = n - 14. Give y(l).
4
Let n(c) be the first derivative of -c**3/3 + 3*c**2 - 7*c - 1. Let x be 55/(-231)*3*(-1 + -6). What is n(x)?
-2
Let d(s) = 25*s - 13. Let m be d(8). Let w(l) = 188 + l - m - 2*l. Determine w(8).
-7
Let j(o) = -5*o**2 - 13*o - 10. Let p(a) = 6*a**2 + 13*a + 10. Let s(c) = 5*j(c) + 4*p(c). Give s(-13).
-10
Let k(x) be the second derivative of x**3/6 - 8*x**2 - 2*x - 9. Give k(4).
-12
Suppose 4*h + 30 = -2*k, 0 = -4*k - 3*h + 6*h - 5. Let c(z) be the second derivative of -z**5/20 - z**4/3 - z**3/3 - 5*z**2/2 - 11766*z. What is c(k)?
30
Let j be -11 - 3/(-9)*(2 - -1). Let u(x) = -x**3 - 9*x**2 + 13*x - 7. Calculate u(j).
-37
Let z(f) = 4*f - 5. Suppose -27*y + 26*y + 4 = 0, -3*u = 3*y - 42. Determine z(u).
35
Let s(x) be the third derivative of -x**4/24 + 31*x**3/6 + 2*x**2 + 131*x. Determine s(10).
21
Let l(h) = 3*h - 4*h - 203 - 214 + 421. Give l(-3).
7
Let d(z) = z + 5*z - 4*z - z - 45 + z. Calculate d(20).
-5
Let f be 2/(-8)*(-5 + 3 + -2). Let x(r) = 5*r**3 + 2*r**2 - 9*r**3 - 1 - 15*r**3. Calculate x(f).
-18
Suppose -8 = -5*v + 2. Let l(n) = -n**3 + n**2 + n - 2. Let h be l(1). Let p be (v + h)/(3/3). Let x(t) = 11*t. Give x(p).
11
Let j(p) = 5*p - 4. Let a(o) = -o**3 - 44*o**2 + o + 38. Let c be a(-44). Calculate j(c).
-34
Let q be (-8)/22 - (-336)/(-44). Let r(p) = -5*p - 23. Calculate r(q).
17
Let v(u) be the second derivative of 0 + 5/12*u**4 + 21*u + 1/2*u**2 - 2/3*u**3 + 1/20*u**5. Calculate v(-6).
-11
Let s(m) = 4 - 2 - 89*m + 90*m - 5. Let t be 1*(-3 + 5 - (-8)/(-2)). Determine s(t).
-5
Let j(u) = -u**2 + 1. Let a be (-30)/10*3*4/36. Calculate j(a).
0
Let u(s) = s**2 - 4*s + 5. Let c(m) = 2*m**2 + 11*m - 9. Let x be c(-7). Let g be 1 + 6*8/x. Determine u(g).
10
Let h(b) = -b**2 + 9*b - 2. Let p be 3 + 43 - (-5)/(25/15). Let t be ((-4)/(-14)*3)/(7/p). What is h(t)?
16
Suppose 5*r = 5*q - 25, -9*q + 3*r = -13*q + 27. Let d(t) = -t**3 + 5*t**2 + 4*t + 9. What is d(q)?
-3
Let d be (-1)/(-8)*(77 + -53). Let b(a) = a**3 - 4*a**2 + 2*a + 5. Give b(d).
2
Let d(s) = s + 1. Suppose -5*x - 5*n - 5 = 0, 5*n = -0*x + x + 7. Determine d(x).
-1
Let s(c) be the third derivative of 1/12*c**4 + 0 + 1/120*c**6 + 0*c + 0*c**3 + 1/15*c**5 - 19*c**2. Calculate s(-4).
-8
Let q(u) = 9*u - 8. Let h be 1/(52/28 - 2) + 12. What is q(h)?
37
Let w(c) = -c**3 - 9*c**2 + 11*c + 17. Suppose -d + 3 = 5*b - 7, 16 = 4*b. Determine w(d).
7
Suppose 22*y + 132 + 110 = 0. Let z(k) = k**3 + 11*k**2 + k + 16. Determine z(y).
5
Let a(b) = -b**3 + 4*b**2 - 1. Suppose -3*x + x = -4. Let f be a(x). Let d(t) = t**2 - 8*t + 9. Calculate d(f).
2
Let n(u) be the third derivative of -1/8*u**4 + 0*u - 1/6*u**3 + 0 + u**2. Determine n(-2).
5
Let i(q) = -204*q**3 - 3*q + 3 + 2*q**2 + 379*q**3 - 176*q**3. Determine i(2).
-3
Let r(l) = l**2 + 3*l + 2. Let n(b) = 7*b**2 + 19*b + 13. Let f(j) = n(j) - 6*r(j). Suppose -c + 6 = 4*z, -5*z + 2*c - 11 = -25. Give f(z).
7
Let x(u) = -u**3 - 7*u**2 - 6*u - 6. Suppose -3*v - 23 = -5*n, 0 = 2*v - 7*v + 5*n - 35. What is x(v)?
-6
Suppose -4*a = 356 - 344. Let r(n) = n**3 + 5*n**2 + 4*n. Determine r(a).
6
Let k(r) = 4*r - 14. Suppose -4*n + 4*q = -40, 16*n - 2*q - 42 = 12*n. Determine k(n).
30
Suppose -j = -39 + 36. Let b(r) = -r + 2*r**2 - 2*r**j + 4 + r**3 - 9 + 3. Give b(2).
-4
Let a(j) = 5 + 3*j**2 - 2*j**2 - 10522*j + 10531*j. Let t = -5 + -3. Give a(t).
-3
Let p(f) = 0*f**2 + 3 + 125*f + f**2 - 128*f - 3*f**2. Give p(-2).
1
Let y be 25/(-20)*-4 + -3. Let k(c) be the third derivative of c**4/3 - 4*c**2. What is k(y)?
16
Let r(f) = -f**2 + 4*f + 8. Let j(h) = h + 1. Let v(a) = 5*j(a) - r(a). Suppose l = 3*k + 3*l - 44, 2*k + 3*l - 31 = 0. Suppose -2 + k = -4*d. Calculate v(d).
3
Let s(t) = 2*t + 1. Suppose -42*k = -37*k - 30. Let d be 3/30*k*-5. Give s(d).
-5
Let c(l) = -3*l**2 + 3*l - 1. Suppose u - v - 2 + 3 = 0, -3*u - 2*v = -12. What is c(u)?
-7
Let r(g) be the third derivative of g**5/60 - 7*g**4/8 + 11*g**3/6 - 200*g**2. Calculate r(20).
-9
Let q(w) = 20*w**2 - w - 1. Let c be q(-1). Suppose 0 = l + l + 2*v - 20, -5*l + 5*v + c = 0. Let a(z) = -l*z - 8*z + 10*z. Give a(2).
-10
Let g(d) = 7 + 53*d + 57*d - 163*d + 54*d. Give g(-11).
-4
Let m(n) = n**2 - 6*n - 6. Let x = 297 + -292. What is m(x)?
-11
Let u(c) = -2*c. Let q(a) = 2*a. Let w(g) = 2*q(g) + u(g). Let i(y) = -y - 1. Let t be i(0). Determine w(t).
-2
Let x(o) = -o**2 + o - 3. Suppose 2*f + 4 = -b - 0*f, -f - 12 = -2*b. Let u(s) = s**3 - 4*s**2 + s - 1. Let c be u(b). Calculate x(c).
-9
Suppose -2*c = -4*l + 40, 5*c - c - 28 = -4*l. Let t(u) = -u**2 + 9*u + 1. What is t(l)?
1
Let i(k) = -2*k**2 + 7*k - 6. Let z be 46/11 + (-28)/154. Give i(z).
-10
Suppose -3*l + 2*l = -3. Let y(s) = 7*s + 6. Suppose -3*r + 4*r = -7. Let p(a) = 8*a + 7. Let j(v) = r*y(v) + 6*p(v). Calculate j(l).
-3
Let n(s) be the third derivative of -s**5/60 - s**4/3 - 5*s**3/6 + 2*s**2 - 53. Let d be (12/(-1))/(-3) + -2. Let j be (d + -1 + -2)*7. What is n(j)?
2
Let d(p) = -p - 4. Let t(i) = 4*i**2 - 47*i + 70. Let m be t(10). Give d(m).
-4
Let o(i) = 7*i**3 - 9*i**2 - 7*i + 2. Let x(d) = 3*d**3 - 4*d**2 - 4*d + 1. Let n(f) = -2*o(f) + 5*x(f). Calculate n(4).
9
Let t be 168/(-16)*(-4)/(-6). Let s(n) = 6*n - 10. Suppose -2*f - 4 = -f. Let h(m) = -3*m + 5. Let p(w) = f*s(w) + t*h(w). Give p(4).
-7
Let n = -27 - -32. Suppose v = -2*w - 3, 4*w + n = -5*v - 22. Let h(i) = i. Calculate h(v).
-7
Let y(k) = -k**3 + 13*k**2 + 15*k - 13. Let c be ((-14)/(-5))/(6/30). Calculate y(c).
1
Let b be (-1)/3 - 13/(-3). Suppose -39 = -b*k - 3. Let x(r) = 7*r + 11 + r**2 - 14 + k. Give x(-5).
-4
Let f(k) = -19*k - 2. Let l(q) = -53*q - 4. Let y(d) = 11*f(d) - 4*l(d). What is y(-13)?
-45
Let f(b) = -b**3 - 5*b**2 + 0 + 0 - 4*b + 4. Let d(t) = -2*t - 30. Let y(i) = -i**3 - 15*i**2 - 13. Let z be y(-15). Let m be d(z). Calculate f(m).
4
Let t(h) = -2*h**2 + 4*h - 2. Let z(o) = 5*o**2 - 9*o + 4. Suppose -2*d + 2 - 8 = 0. Let c(s) = d*z(s) - 7*t(s). Let u = -3 - 0. Calculate c(u).
-4
Let l(t) = t**2 + 4*t + 0*t**3 - 5 + 11 + t**3 - 8*t**2. Suppose -2*d + 5 = 4*y + 21, 4*d + 4*y = -16. Suppose -2*o + d*o + 12 = 0. What is l(o)?
-6
Let d(a) = 4*a**2 + 26*a**3 - 4 + 20*a**3 - 6*a + 21*a**3 - 66*a**3. What is d(-5)?
1
Let q be (-12)/(-15)*30/4. Let b(r) be the first derivative of r**3/3 - r**2 - 6*r - 49. What is b(q)?
18
Let b(c) be the first derivative of -c**6/360 + c**5/40 - c**4/12 - 38*c**3/3 + 18. Let n(v) be the third derivative of b(v). Give n(3).
-2
Let y(z) = z**3 + 6*z**2 - 3*z - 3. Suppose 5*n - 25 = 10*n. Let c be (-9)/(13/2 + n). Determine y(c).
15
Let f(g) = 4*g - 12. Let t(x) = -x**3 + 21*x**2 + 5. Let d be t(21). What is f(d)?
8
Let c(k) = k**2 - 10*k - 4. Let o be (22 - 18)*10/8. What is c(o)?
-29
Suppose 0*v + 3*v - 6 = 0. Let y(g) = -g + 0*g**2 + g**3 + v*g**2 + g**3 + 1. Let m(c) = -c - 5. Let x be m(-3). Determine y(x).
-5
Let f(i) = -26*i**3 - 14*i + 50*i**3 + 2*i**2 - 23*i**3 + 3*i**2. Calculate f(-7).
0
Let n(v) = -2*v**2 - 5*v + 6. Suppose -l = 4*m + 1 - 16, 3*l = -4*m + 5. Determine n(l).
-19
Let d(g) = 5*g + 7. Let y(k) = -2*k - 3. Let z(u) = 3*d(u) + 7*y(u). Suppose 0*c = -2*c - 4*w + 52, 5*w = -5*c + 110. Suppose -4*n = 6 - c. Determine z(n).
3
Let w be (2 - (-7)/(-2))/((-11)/(-66)). Let f be -32*1/(6/3). Let h = f - 